9
Let l = -5247 - -7497. Calculate the greatest common factor of 90 and l.
90
Suppose 0 = -2*f - 26 + 32. Suppose 113 = 4*y + g - 2*g, 3*g = -15. What is the highest common divisor of y and f?
3
Let k(q) = 3*q**2 - 5*q - 9. Let a be k(-2). Calculate the highest common factor of a and 5.
1
Let z be 1144/36 - (-4)/18. Suppose 2*h - 5*n = 47, 2*h + 0*n - 12 = -2*n. Let j = h + 5. What is the highest common divisor of j and z?
16
Let n(y) = -y**3 - 8*y**2 - 8*y - 6. Let j be n(-6). Let k be (-3)/(-18) + (-775)/j. Let p = k - -20. Calculate the highest common factor of 69 and p.
23
Let n = 27 + -26. Let j(g) = 4*g**3 + g**2 + g - 1. Let o be j(n). Calculate the greatest common divisor of 20 and o.
5
Let n = -58 + 106. Suppose 4 = 2*u, -2*u - n - 128 = -2*v. Calculate the highest common factor of 60 and v.
30
Let g be (1032/14)/(-6 + 440/70). Calculate the highest common divisor of 1419 and g.
129
Suppose 16 = 3*j - 3*v - 41, 5*j - 3*v - 87 = 0. Suppose -3*z - 5 = l - 5*z, 0 = -3*z + j. What is the highest common factor of l and 45?
5
Let i(v) = -v**2 + 16*v - 36. Let g be i(6). What is the greatest common divisor of 168 and g?
24
Suppose -w + 48 = 3. Suppose 78*b - 10 = 83*b. Let i be (252/w)/(b/(-5)). Calculate the greatest common divisor of 70 and i.
14
Let k(n) = 15*n - 103. Let j be k(8). Calculate the greatest common factor of 833 and j.
17
Let b = -47 + 88. Let n = b - 26. Let j = 3 - 0. Calculate the greatest common factor of j and n.
3
Let s(u) be the second derivative of u**3/2 - 5*u**2 - 10*u. Let w be s(8). What is the greatest common factor of w and 21?
7
Let v = -99 - -204. Suppose 0 = -4*t + v + 55. Let j = 5 - -55. What is the greatest common divisor of j and t?
20
Suppose j + 2*m - 13 - 23 = 0, j - m = 42. Let c(u) = -56*u**3 - 2*u**2 + u + 2. Let k be c(-2). What is the greatest common factor of k and j?
40
Let y = 1392 - 1374. What is the highest common factor of y and 846?
18
Suppose 0 = -s + p - 6*p + 13, 3*p = -4*s + 35. Calculate the greatest common factor of s and 6.
2
Let i be (-2*(-7)/(-28))/(2/(-120)). Calculate the highest common divisor of 45 and i.
15
Let a be 594/18*(-12)/(-2). Suppose 0 = -4*b - 5*r + 57, 84 = 5*b - 0*r + 2*r. What is the highest common divisor of a and b?
18
Suppose -3*m = 22 - 187. Let i = 11 + 11. What is the greatest common divisor of m and i?
11
Let x(c) = -c**3 - 11*c**2 - c - 8. Let g be x(-11). Suppose 434 = 5*b - 2*q, -3*q - 2*q - 249 = -g*b. Calculate the highest common divisor of 11 and b.
11
Suppose -5*p = -n - 4, -48 = -3*n - n + 4*p. Let r be (n/(-12))/(-4)*0. Let l be 77/(-7)*(-3 - r). What is the greatest common divisor of l and 3?
3
Suppose 3*p + 2*n = 40, -n + 32 = -4*p + 89. Let y = p + -12. Suppose -3*q + 30 = -y*q. What is the greatest common factor of q and 210?
30
Suppose -2 = 4*s - 26. Calculate the highest common divisor of 28 and s.
2
Let d = -61 - -367. Calculate the highest common divisor of 102 and d.
102
Let j = -2435 + 2445. Suppose -q + 5*w + 85 = 0, 4*w = -q + 2*w + 120. What is the greatest common divisor of j and q?
10
Suppose 60 = b - 4*g, -2*b + 5*g - 156 = -6*b. Suppose 0*v + b = 2*v. Let o be ((-44)/5)/(v/(-55)). Calculate the greatest common factor of 55 and o.
11
Suppose 0 = -2*x - 275 + 267, -3*x = i - 78. Calculate the highest common divisor of 420 and i.
30
Let r be (-7)/(-14)*1*-22. Let f be 4/22 - 1/(r/856). What is the highest common divisor of 52 and f?
26
Let k(u) = -u**3 + 6*u**2 - 7*u + 9. Let i be k(5). Let c be (6/8)/(i/(-76)). What is the greatest common factor of 38 and c?
19
Suppose 10*d + d - 5225 = 0. What is the highest common divisor of 50 and d?
25
Let o be ((-32)/(-1))/4*1. Let s(x) = 4*x + 3. Let g be s(-3). Let t be (-3 - g/2)*o. Calculate the highest common divisor of 132 and t.
12
Suppose -11 - 4 = -3*j. Suppose 4*d - 13 = 3*z + 19, -4*d = j*z. Let a(w) = 6*w**2 + 3*w - 9. Let m be a(z). Calculate the highest common divisor of 15 and m.
15
Let p = 90 - 54. Suppose m + m - p = 0. Suppose -5*d + 17 = -28. Calculate the greatest common factor of d and m.
9
Suppose 36*b - 708 - 1272 = 0. Let v = -7 - -12. What is the highest common factor of b and v?
5
Let i = -114 + 132. Calculate the highest common divisor of i and 2.
2
Suppose 273 = 5*b + 2*b. What is the highest common divisor of b and 6?
3
Let i be 1/(1 - -1)*26. Let l = 525 - 486. Calculate the greatest common divisor of i and l.
13
Let f be 1540/30 - (-1)/(-3)*1. Calculate the greatest common factor of 15 and f.
3
Let k = 42 + -27. Suppose -4*p - 167 = -827. What is the greatest common factor of p and k?
15
Let s(t) = 26*t - 131. Let q be s(10). What is the greatest common factor of q and 172?
43
Let l(i) = -89*i + 1. Let m be l(-2). Suppose 5*t - 4*r + 136 = 9*t, -5*t + m = -4*r. What is the highest common divisor of 385 and t?
35
Suppose m - 3*a - 33 = 0, -3*m + 0*m = 2*a - 121. Let h(u) = 3*u**2 + 5*u - 11. Let c be h(-5). Calculate the greatest common factor of c and m.
39
Suppose -3*o = -4*y - 1892, 8*y + 3145 = 5*o + 3*y. What is the greatest common factor of 72 and o?
24
Let c be (-6)/(-8) - 25/(-20). Suppose 0 = c*z + 3*a - 65, -a - 128 = -5*z + 3*a. Calculate the greatest common divisor of 14 and z.
14
Suppose 24 + 33 = 3*m. Suppose 204 = -7*u + 8*u + 5*h, 5*u + 3*h = 1042. Calculate the greatest common factor of u and m.
19
Let w(g) = 19*g - 7. Let n be w(1). What is the highest common factor of n and 20?
4
Let n(o) = -o**2 + 10*o + 26. Let h be n(9). Calculate the greatest common divisor of h and 30.
5
Let m(o) = o**2 + 14*o + 3. Let p be m(-14). Let u be ((-48)/(-20) - p)*-25. Calculate the highest common factor of 45 and u.
15
Suppose 208 = -7*c + 23*c. Let h(f) = -25*f + 5. Let a be h(-5). Calculate the greatest common factor of a and c.
13
Let x be 308*(4 - (-60)/(-16)). What is the greatest common divisor of 7 and x?
7
Suppose 2*m - 1 = 5, 0 = -5*z + 5*m. Let i = 15 + -9. Let d be (1 - 0)/(3/i). What is the greatest common factor of z and d?
1
Let i be -3 + (-805)/(-25) - 5/25. What is the highest common factor of 145 and i?
29
Let f be 35/(-21)*384/(-40). Calculate the greatest common factor of 48 and f.
16
Let t(h) = -35 - h + 29 + 0*h + 27. Let i be t(14). What is the highest common divisor of 28 and i?
7
Suppose v - 65 = 9*q - 10*q, 3*v = -5*q + 335. Calculate the highest common divisor of q and 20.
10
Let x = 2 + 1. Let h = x + 11. Let j(l) = l - 8. Let q be j(h). Calculate the highest common divisor of q and 3.
3
Let w(m) = -16*m - 4. Let s be w(-3). Let v(y) = y**2 + 28*y - 18. Let r be v(-29). Calculate the greatest common divisor of s and r.
11
Let c be (8/(-10))/((-1)/45). Let n be 16/20*105/14 + 246. What is the greatest common factor of n and c?
36
Let a(n) = n**2 + 12*n + 2. Let d be a(-12). Suppose 45 = c - b + 4*b, d*c = 2*b + 98. Calculate the highest common factor of c and 16.
16
Let x = 14 - 21. Let z(i) = 2 - i - 8*i - i**3 + 0 - 8*i**2. Let p be z(x). Calculate the greatest common divisor of p and 8.
8
Let f be 480/9 + (-30)/(-45). What is the highest common factor of f and 72?
18
Suppose 3*g + 32 = -31. Let m be (-192)/(-14) - 6/g. What is the greatest common divisor of 112 and m?
14
Suppose -17*c = -5*c. Suppose -4*s + 0*z + 36 = -2*z, c = s + 4*z. Calculate the highest common factor of s and 152.
8
Let m be 0/(-1)*(-1 - -2). Let s be (2 + m + 3)*23. Suppose 71 + 65 = 3*v - 2*a, v - 48 = -2*a. What is the highest common divisor of s and v?
23
Suppose 30*k - 735 = 23*k. What is the greatest common divisor of k and 14?
7
Suppose 3*f - 18 = 3*p, -5*f + p = 3*p - 37. Let r = f - 6. Suppose 18*x - 99 - 45 = 0. What is the highest common factor of x and r?
1
Let a be 27/(14/(-72) - (-124)/279). What is the greatest common factor of a and 288?
36
Let y = -970 + 980. Calculate the highest common divisor of y and 415.
5
Let f be (1 - (0 + 13))*130/(-52). Calculate the greatest common divisor of f and 12.
6
Let g(a) = -a**3 - 3*a**2 - 2*a - 2. Let p(o) = -o**2 - 2*o - 1. Let b be p(-3). Let v be g(b). What is the greatest common divisor of 88 and v?
22
Let u be -7 + 652 + (-4 - -9). What is the highest common divisor of u and 65?
65
Suppose -1693 = -4*p + 3*r - 90, 5*p = -5*r + 1960. Suppose -67 + p = 3*a. Calculate the highest common divisor of 44 an